{"id":58,"date":"2012-05-25T10:08:16","date_gmt":"2012-05-25T10:08:16","guid":{"rendered":"http:\/\/www.neet.hu\/lcdtvjavitas.hu\/?page_id=58"},"modified":"2025-05-06T06:30:13","modified_gmt":"2025-05-06T04:30:13","slug":"bemutatkozs2","status":"publish","type":"page","link":"https:\/\/www.lcdtvjavitas.hu\/","title":{"rendered":"Bemutatkoz\u00e1s"},"content":{"rendered":"<p style=\"text-align: center;\"><strong>T\u00f6bb mint 30 \u00e9ve foglalkozom telev\u00edzi\u00f3 k\u00e9sz\u00fcl\u00e9kek jav\u00edt\u00e1s\u00e1val,\u00a0szervizel\u00e9s\u00e9vel. C\u00e9gem 1991 \u2013 ben alakult.<\/strong><\/p>\n<p><a href=\"https:\/\/www.lcdtvjavitas.hu\/wp-content\/uploads\/2012\/05\/bemutatkozashoz.jpg\"><img loading=\"lazy\" decoding=\"async\" class=\"size-full wp-image-46 aligncenter\" src=\"https:\/\/www.lcdtvjavitas.hu\/wp-content\/uploads\/2012\/05\/bemutatkozashoz.jpg\" alt=\"\" width=\"521\" height=\"204\" srcset=\"https:\/\/www.lcdtvjavitas.hu\/wp-content\/uploads\/2012\/05\/bemutatkozashoz.jpg 521w, https:\/\/www.lcdtvjavitas.hu\/wp-content\/uploads\/2012\/05\/bemutatkozashoz-300x117.jpg 300w\" sizes=\"auto, (max-width: 521px) 100vw, 521px\" \/><\/a><\/p>\n<p>&nbsp;<\/p>\n<p><strong>A min\u0151s\u00e9gi munk\u00e1mat<\/strong> a folyamatos tov\u00e1bbk\u00e9pz\u00e9s \u00e9s a magas fok\u00fa szakir\u00e1ny\u00fa k\u00e9pzetts\u00e9g teszi lehet\u0151v\u00e9. A jav\u00edt\u00e1sn\u00e1l igyekszem az \u00fcgyfeleim sz\u00e1m\u00e1ra legoptim\u00e1lisabb megold\u00e1st megkeresni, illetve t\u00f6rekszem a legjobb \u00e1r-\u00e9rt\u00e9k ar\u00e1nyban megjav\u00edtani a k\u00e9sz\u00fcl\u00e9keket.<\/p>\n<p><a href=\"https:\/\/www.lcdtvjavitas.hu\/wp-content\/uploads\/2012\/05\/MOZGO.gif\"><img loading=\"lazy\" decoding=\"async\" class=\"size-full wp-image-33 aligncenter\" src=\"https:\/\/www.lcdtvjavitas.hu\/wp-content\/uploads\/2012\/05\/MOZGO.gif\" alt=\"\" width=\"308\" height=\"27\" srcset=\"https:\/\/www.lcdtvjavitas.hu\/wp-content\/uploads\/2012\/05\/MOZGO.gif 308w, https:\/\/www.lcdtvjavitas.hu\/wp-content\/uploads\/2012\/05\/MOZGO-300x26.gif 300w\" sizes=\"auto, (max-width: 308px) 100vw, 308px\" \/><\/a><\/p>\n<p><strong>A hib\u00e1s k\u00e9sz\u00fcl\u00e9kek jav\u00edt\u00e1sa<\/strong> a helysz\u00ednen t\u00f6rt\u00e9nik, amennyiben ott nem jav\u00edthat\u00f3, akkor besz\u00e1ll\u00edt\u00e1ssal a m\u0171helyben szervizelj\u00fck. Hazai \u00e9s term\u00e9szetesesen k\u00fclf\u00f6ldi gy\u00e1rtm\u00e1nyu k\u00e9sz\u00fcl\u00e9kek jav\u00edt\u00e1s\u00e1t is v\u00e1llaljuk.<\/p>\n<p><strong>A v\u00e9gzett munk\u00e1ra, valamint a be\u00e9p\u00edtett alkatr\u00e9szre garanci\u00e1t v\u00e1llalok !<\/strong><\/p>\n<p>Vill\u00e1mcsap\u00e1s, be\u00e1z\u00e1s \u00e9s t\u00falfesz\u00fclts\u00e9g okozta meghib\u00e1sod\u00e1sok jav\u00edt\u00e1s\u00e1t is tudjuk v\u00e1llalni.<br \/>\nV\u00e1llaljuk tov\u00e1bb\u00e1 biztos\u00edt\u00f3k, ELM\u0170 \u00e9s k\u00f6zint\u00e9zm\u00e9nyek fel\u00e9 szakv\u00e9llem\u00e9ny kiad\u00e1s\u00e1t rendez\u00e9s\u00e9t. Jav\u00edt\u00e1s eset\u00e9n a\u00a0<span style=\"color: #ff0000;\"><strong>KISZ\u00c1LL\u00c1S \u00c9S A BEVIZSG\u00c1L\u00c1S D\u00cdJTALAN.<\/strong><\/span><br \/>\nInternetr\u0151l bejelentkez\u0151knek 10% kedvezm\u00e9nyt biztos\u00edtok.<br \/>\nA h\u00e9t minden napj\u00e1n dolgozom (h\u00e9tv\u00e9g\u00e9n is ! )<\/p>\n","protected":false},"excerpt":{"rendered":"<p>T\u00f6bb mint 30 \u00e9ve foglalkozom telev\u00edzi\u00f3 k\u00e9sz\u00fcl\u00e9kek jav\u00edt\u00e1s\u00e1val,\u00a0szervizel\u00e9s\u00e9vel. C\u00e9gem 1991 \u2013 ben alakult. &nbsp; A min\u0151s\u00e9gi munk\u00e1mat a folyamatos tov\u00e1bbk\u00e9pz\u00e9s \u00e9s a magas fok\u00fa szakir\u00e1ny\u00fa k\u00e9pzetts\u00e9g teszi lehet\u0151v\u00e9. A jav\u00edt\u00e1sn\u00e1l igyekszem az \u00fcgyfeleim sz\u00e1m\u00e1ra legoptim\u00e1lisabb megold\u00e1st megkeresni, illetve t\u00f6rekszem a legjobb \u00e1r-\u00e9rt\u00e9k ar\u00e1nyban megjav\u00edtani a k\u00e9sz\u00fcl\u00e9keket. A hib\u00e1s k\u00e9sz\u00fcl\u00e9kek jav\u00edt\u00e1sa a helysz\u00ednen t\u00f6rt\u00e9nik, amennyiben ott [&hellip;]<\/p>\n","protected":false},"author":1,"featured_media":0,"parent":0,"menu_order":1,"comment_status":"closed","ping_status":"open","template":"","meta":{"footnotes":""},"class_list":["post-58","page","type-page","status-publish","hentry"],"_links":{"self":[{"href":"https:\/\/www.lcdtvjavitas.hu\/index.php?rest_route=\/wp\/v2\/pages\/58","targetHints":{"allow":["GET"]}}],"collection":[{"href":"https:\/\/www.lcdtvjavitas.hu\/index.php?rest_route=\/wp\/v2\/pages"}],"about":[{"href":"https:\/\/www.lcdtvjavitas.hu\/index.php?rest_route=\/wp\/v2\/types\/page"}],"author":[{"embeddable":true,"href":"https:\/\/www.lcdtvjavitas.hu\/index.php?rest_route=\/wp\/v2\/users\/1"}],"replies":[{"embeddable":true,"href":"https:\/\/www.lcdtvjavitas.hu\/index.php?rest_route=%2Fwp%2Fv2%2Fcomments&post=58"}],"version-history":[{"count":6,"href":"https:\/\/www.lcdtvjavitas.hu\/index.php?rest_route=\/wp\/v2\/pages\/58\/revisions"}],"predecessor-version":[{"id":3067,"href":"https:\/\/www.lcdtvjavitas.hu\/index.php?rest_route=\/wp\/v2\/pages\/58\/revisions\/3067"}],"wp:attachment":[{"href":"https:\/\/www.lcdtvjavitas.hu\/index.php?rest_route=%2Fwp%2Fv2%2Fmedia&parent=58"}],"curies":[{"name":"wp","href":"https:\/\/api.w.org\/{rel}","templated":true}]}}